 p be (-2548)/126 - 4/(-18). Let j be 66/3 - (-5)/(p/12). Suppose -4*g = 5*f - 665, 455 = 3*f - 3*g + 56. What is the highest common divisor of j and f?
19
Suppose -i + 26 - 12 = 0. Let k(h) = -h**3 + 7*h**2 - 7*h + 8. Let a be k(4). What is the greatest common divisor of i and a?
14
Suppose 2*j = -3*p + 6, -6*p + 3*p + 12 = 3*j. Suppose -70 = -5*l + j*d - d, -3*d = 15. Calculate the highest common factor of 99 and l.
9
Suppose 2*q + 0*q = -6. Let c be (290/q)/((-2)/3 + 1). Let n = c + 488. Calculate the greatest common factor of 18 and n.
18
Suppose 139*v + 102*v - 2651 = 0. Calculate the highest common divisor of 891 and v.
11
Let s be 1753 + (4717/(-689) - 2/13). What is the greatest common factor of 970 and s?
194
Let w be 48/(-216)*6*3060/(-8). What is the highest common factor of w and 270?
30
Let j = -5098 + 5482. What is the greatest common divisor of 1644 and j?
12
Let t be ((-764)/(-573))/((-4)/(-33978)). What is the highest common divisor of 28 and t?
14
Suppose -2*s + 89 - 31 = 0. Let f = -98 - -102. Suppose f*i - 238 = -3*w, -4*w = -2*i - 0*w + 108. What is the greatest common divisor of i and s?
29
Let y = 35 - 47. Let x(m) = -34*m - 56. Let n be x(y). Calculate the greatest common divisor of 32 and n.
32
Let z(y) = y**3 + 5*y**2 - 11*y + 7. Let m be z(-3). Let h(g) = g**2 + g + 13. Let b be h(9). Let j = -74 + b. What is the highest common divisor of m and j?
29
Suppose 2*a = 63 - 71, -3*b + 5*a = -1478. What is the greatest common divisor of 72 and b?
18
Suppose 62 - 5 = 3*c. Let k = -6630 - -6763. What is the greatest common divisor of c and k?
19
Let q = 1366 + -529. Suppose 4281 - q = 7*g. What is the greatest common divisor of 12 and g?
12
Suppose 3*r + d - 223 = 0, 0 = 2*r - 4*d - 89 - 83. Suppose 4*n - 340 = r. Let t be (-159)/(-12) - 2/8. What is the highest common divisor of t and n?
13
Let l be ((-800)/64)/(15/(-36)*1). Suppose 0 = -4*a + 8, -7*v + 232 = -3*v - 4*a. Calculate the greatest common divisor of v and l.
30
Let s = -250 - -184. Let g = s + 93. Calculate the highest common divisor of g and 72.
9
Suppose -2*n + 8 = -4*t - 6, -5*t - 24 = 4*n. Let l be 0 - ((-32 - -4) + t). What is the greatest common factor of 20 and l?
4
Let s = 5317 - 5227. What is the highest common factor of 7380 and s?
90
Let h = -594 + 643. Calculate the highest common divisor of h and 11123.
49
Let f be (-733)/(-7) + (-34)/(-119). Let w = -1439 + 1469. Calculate the highest common factor of w and f.
15
Let w be -366*12/(-56) + (-6)/14. Let y = 110 - w. Suppose -a + y = 27. Calculate the highest common divisor of 1 and a.
1
Let f be (-1 + (-42)/(-35))/(3/(-15)). Let m = 92 + -35. Let n be (8 + f - 1)/(m/152). Calculate the greatest common divisor of 4 and n.
4
Let r = 674 - 665. Let x be r/((-4)/24 - 1639/(-9240)). What is the highest common factor of 15 and x?
15
Let x(c) = -c**3 - 11*c**2 - 32*c - 9. Let k be x(-6). Suppose -k*m + 277 = -167. What is the highest common divisor of 37 and m?
37
Let i(l) = -800*l - 4958. Let n be i(-11). Calculate the greatest common divisor of 170 and n.
34
Let z = 138 + -128. Suppose -f = 2*j - 5 - z, 3*j - 27 = -2*f. Let w be 4 - 606/f*(-18)/12. What is the greatest common factor of w and 35?
35
Let l = 745 - 523. Let t = l + -97. What is the highest common divisor of t and 100?
25
Let w = -64 - 174. Let b be (-72380)/w - (-4)/(-34). What is the highest common divisor of b and 57?
19
Let l = 725 + -1013. Let d be (l/10)/((-14)/4480*8). What is the highest common factor of d and 72?
72
Suppose 0 = -3*b + 9. Suppose -4*a + 28 = b*a. Suppose -d = -2*v - 46, 220 = 4*d - 0*v + a*v. What is the greatest common divisor of 26 and d?
26
Let n be (30/6)/20*8/2. Suppose 4*d = n - 1. Suppose d = -3*r + 15, t - 46 = -5*r + 12. Calculate the greatest common factor of t and 22.
11
Let h = 2166 - 1476. What is the greatest common factor of 60 and h?
30
Let q be (7 - -2)*(2 + -1). Suppose -4*d + 57 = -y, -5152*d = -5150*d + 2*y - 66. What is the greatest common factor of d and q?
9
Let t = 39408 - 37113. Calculate the greatest common divisor of 1445 and t.
85
Suppose 4*c - 610 = 534. Let p(s) = 10*s**2 + 305*s - 133. Let i be p(-31). What is the greatest common divisor of c and i?
22
Let c = 39 - 38. Let p be (-2 + 4 + -3)/(c/(-3)). Suppose 6*d - 8*d - p*g = -435, 5*g = 5. What is the greatest common divisor of 27 and d?
27
Suppose -5*k + 18*r - 16*r + 24621 = 0, -k - 2*r = -4917. What is the greatest common divisor of 9 and k?
9
Suppose -3262 = 170*s - 9212. Calculate the greatest common factor of s and 3955.
35
Let w = 42 + -52. Let j be 22/55 + (-536)/w. Let y = 6 - 0. What is the greatest common divisor of y and j?
6
Let u be 9*5/(-3)*(-11 - 6). Let g be 49*(-6 - u/(-35)). What is the greatest common factor of 12 and g?
3
Suppose -12*d + 87912 = 11*d + d. What is the highest common factor of 297 and d?
99
Let z = -1193 - -1205. What is the greatest common divisor of 3972 and z?
12
Let z(p) = -p**2 + 19*p - 1. Let r be z(17). Let t = r - -15. What is the highest common divisor of 96 and t?
48
Suppose 0 = 6*k + 21*k + 135. Let b be 11/(((-18)/60)/(108/k)). Calculate the greatest common divisor of 18 and b.
18
Let v be (13 - (5 - 3))/(5/45). Suppose 0 = -9*a + 396 + v. Calculate the greatest common factor of 165 and a.
55
Suppose 0 = 6*p - 193 - 1199. Suppose -23*v + p = -15*v. Calculate the highest common divisor of v and 2.
1
Let i = -452 + 469. What is the greatest common divisor of i and 27829?
17
Suppose 0 = -2*o + 2*u + 16, 4*u = -132*o + 129*o + 24. Calculate the highest common divisor of 31 and o.
1
Let o = -1434 + 1450. What is the greatest common factor of o and 4288?
16
Suppose -4*q + q + 19 = -4*v, -3*v + 33 = 3*q. Let r = -111 - -264. Calculate the greatest common divisor of q and r.
9
Suppose 24*y = -12*y - 7*y + 38399. Calculate the highest common divisor of y and 47.
47
Let n be (26 + -1295)/((-8)/24). What is the greatest common factor of 27 and n?
27
Let a = 7093 - 6144. What is the highest common divisor of 117 and a?
13
Let s(l) = -5*l**2 + 68*l + 34. Let n be s(14). Let q(a) = -2*a - 1. Let j be q(-3). What is the highest common factor of n and j?
1
Suppose 18*g - s + 9251 = 23*g, -4*g + 4*s = -7396. Let i be (g/(-30))/(25/(-90)). Calculate the highest common divisor of 6 and i.
6
Let v = 3451 + -1906. Suppose 450 = 19*m - v. Calculate the greatest common factor of 15 and m.
15
Let z = 23579 + -23115. What is the greatest common factor of z and 176?
16
Let p = -4226 - -4285. Calculate the greatest common factor of p and 8201.
59
Let k be ((-1748)/16 + 2)*(-336)/63. What is the highest common factor of 2756 and k?
52
Let w = -4295 - -4359. Let v be -5*(-2)/(-8)*-128. Calculate the greatest common factor of w and v.
32
Let k = 204 - 15. Let p = -117 + k. Let m(u) = 10*u**2 - 86*u + 85. Let l be m(1). What is the greatest common factor of l and p?
9
Let u be 1104/(-24) - -1*2/2. Let k = u - -94. What is the greatest common factor of 196 and k?
49
Suppose 3*i = -a + 9 - 4, 4*i - 4 = 0. Suppose j = a*j + 5, s - 3*j = 36. Suppose 0*m = -m + s. Calculate the greatest common divisor of m and 14.
7
Let u(z) = 2*z + 2*z**3 + 4*z**2 - 11*z**2 + 14 + z**2. Let i be u(4). What is the greatest common factor of 378 and i?
54
Let h be 2 + (-1880)/(-6) - 2/6. Suppose 2*i = -3*i + h. Calculate the highest common divisor of 21 and i.
21
Let f be (-627)/(-171) - (-4)/3. Suppose 4*w - 4 = -4*z, 3*z - 17 = -2*z + w. Suppose z*s - 3 = -0*s. What is the greatest common divisor of s and f?
1
Let r(n) = 189*n**2 + n. Let z be r(-1). Let l(j) = 52*j**2 + 3*j - 8. Let g be l(1). Calculate the highest common factor of g and z.
47
Suppose -4*c - 3*t + 592 = -t, -4*c = -t - 586. Let z be 8806/c - (2 - (-44)/(-21)). Suppose 2*u - 24 - 6 = 0. Calculate the greatest common divisor of u and z.
15
Let g(j) = -218*j + 24. Let t be g(0). What is the highest common divisor of t and 264?
24
Let v = -233 + 327. Suppose -v = -3*p + 44. Suppose 0 = 81*z - 14090 + 4775. What is the highest common factor of z and p?
23
Let r be (-7518)/(-34) - (-762)/(-6477). What is the highest common factor of 481 and r?
13
Let h(c) = -3*c + 69. Let b be h(11). Let i be (12/b)/(3*(-3)/(-27)). Calculate the greatest common divisor of 3 and i.
1
Let s be